at is the greatest common divisor of 38 and v?
19
Suppose c - 2*c + 70 = -4*u, -u - 67 = -c. Suppose -z = 0, f - z = -4*z + 858. Calculate the greatest common divisor of f and c.
66
Let p = 3551 + -2424. What is the greatest common divisor of 46 and p?
23
Let c(u) = 280*u**2 + 44*u - 44. Let n be c(1). Calculate the greatest common divisor of n and 238.
14
Let q be (-20 + (-945)/(-30))/((-1)/(-86)). What is the highest common factor of q and 43?
43
Let g(p) = -44*p - 303. Let a be g(-32). What is the greatest common divisor of 65 and a?
65
Let y be 3 - 12/(-3) - 3. Suppose -5*p + 22 = s, y*p + s = -2*s + 11. Suppose 0 = 6*m - p*m - 6. Calculate the highest common factor of 18 and m.
6
Let f be 32/(-24) + 67643/69. Let v(u) = -19*u - 6. Let y be v(-5). What is the greatest common divisor of y and f?
89
Let z be -15 + ((-24)/4)/6. Let q be -6 - (z + 2 + -4). Calculate the greatest common divisor of 12 and q.
12
Suppose 27*g - 29*g + 3938 = 0. Calculate the highest common factor of 716 and g.
179
Suppose -4*o + 64 = 16. Suppose -2*f - 7*q + 470 = -5*q, 0 = -4*q + o. Calculate the greatest common factor of f and 29.
29
Suppose 8*x = 4*x - 12, 5*x = -5*z + 8700. Calculate the greatest common factor of z and 147.
21
Let v = -106 + 138. Let p = 224 + -85. Let i = p + -59. Calculate the greatest common factor of i and v.
16
Suppose -3*s + 46 = 4. Suppose 0*c = -c + s. Suppose -477 = -82*m + 9855. What is the highest common divisor of c and m?
14
Suppose 5*y = 2*q - 3*q + 200, -160 = -4*y + 5*q. Suppose y = 12*b - 320. Calculate the highest common factor of b and 10.
10
Let x(o) = 137*o - 15. Let j be x(3). Let w be (-9)/(441/14) - j/(-14). Calculate the highest common divisor of 35 and w.
7
Suppose 4*d - 1504 = -2*k, 0 = k - 3*d - 795 + 48. Let w be 20/(-12) - k/(-18). What is the greatest common divisor of w and 320?
40
Let b(i) = 9*i**2 + 2*i - 7. Let n be b(3). Let m = 269 - 149. Suppose 0 = 4*d + 2*d - m. Calculate the greatest common factor of d and n.
20
Suppose -45 = 19*z - 22*z. Suppose -z*b + 1440 = 9*b. What is the highest common divisor of 80 and b?
20
Let f be 17 - 1474/110 - 4/(-10). What is the greatest common divisor of f and 206?
2
Let j be -5 - (12 + -2) - 3. Let r = -23 + 57. Let k = j + r. What is the highest common factor of 40 and k?
8
Suppose 13 - 9 = 2*p. Suppose 0 = -4*b + 25*k - 20*k + 299, -p*k - 71 = -b. Calculate the highest common divisor of 567 and b.
81
Suppose -9*n = -4*n - 10. Suppose 80 = z + n*r, 0 = 3*z - 0*z - 3*r - 222. Suppose 4*p = 2*p + z. Calculate the greatest common divisor of p and 342.
38
Let v = -7940 + 9917. What is the greatest common factor of 3 and v?
3
Let k = -281 + 286. Suppose 24 = -26*f + 32*f. Calculate the highest common divisor of f and k.
1
Let y = 4 - -9. Let t(j) = j**3 + 30*j**2 - 109*j + 2557. Let b be t(-35). What is the highest common divisor of b and y?
13
Let n = 189 - 139. Let l = -238 + 263. Calculate the greatest common factor of n and l.
25
Suppose 4*r - 3*u - 27 = 0, 0 = -5*r - 5*u + 4*u + 10. Suppose i = -r*a + 306, 3*i - a + 934 = 6*i. Calculate the greatest common factor of 24 and i.
24
Suppose -54*s = -51*s - 5640. What is the greatest common factor of 40 and s?
40
Let r be (935 - -2 - (-23 - -27)) + 27/(-3). What is the greatest common divisor of r and 756?
84
Let x be ((-1547)/(-104) - 15) + (-17)/(-8). Calculate the highest common factor of x and 2096.
2
Let o = 11 + -9. Suppose 3*g + 4*y = 141, g - y = o*g - 48. Calculate the highest common factor of g and 34.
17
Suppose 5*r + 8*r + 39 = 0. Let j be (-2 + (-71)/3)*r. What is the greatest common divisor of 77 and j?
77
Let y(p) be the second derivative of 2*p**5/5 - p**4/6 - p**3 + 6*p**2 + 22*p + 4. Let c be y(3). What is the highest common divisor of c and 6?
6
Let z(a) = 98*a + 167. Suppose 5*m - 20 = m. Let h be z(m). What is the greatest common divisor of 146 and h?
73
Let a = 728 - -182. Let y be -5 + 77 + (0 - 2). Calculate the greatest common divisor of y and a.
70
Let u = -34 - -6. Let w = -25 - u. Let c be (0 - 5) + (3 - -5). What is the greatest common factor of w and c?
3
Let w = 230 + -231. Let d be w/11 + 1490/55. Calculate the greatest common divisor of d and 12.
3
Let f(c) = -17*c**2 - 53*c + 74. Let j(o) = 6*o**2 + 18*o - 25. Let q(m) = -4*f(m) - 11*j(m). Let t be q(-12). Calculate the highest common divisor of t and 11.
11
Let t = -702 - -1349. Let a = -635 + t. Calculate the highest common factor of a and 288.
12
Let k be 49/7*136/119 + 3032. What is the greatest common divisor of k and 256?
32
Suppose -11*b + 3619 = -0*b - 6105. Calculate the highest common factor of 468 and b.
52
Let s(o) = 3*o**2 - 9 - 5*o + 0*o - o - o + o**3. Suppose -3*h - 4 = 8. Let a be s(h). Calculate the highest common factor of a and 9.
3
Suppose 3*x - 989 = 4*n - 2*x, 1252 = -5*n + x. Let r = -244 - n. Calculate the greatest common factor of 119 and r.
7
Let q(b) = b**3 + 3*b**2 - 3*b. Let u be q(-6). Let f be (3 - 4) + -4 + -166. Let w = u - f. Calculate the greatest common factor of w and 54.
27
Suppose 3220 - 3448 = -j. Calculate the greatest common factor of 5776 and j.
76
Suppose -209 + 189 = -2*g. What is the greatest common factor of 830 and g?
10
Let s = -21565 - -21578. Calculate the highest common divisor of 4927 and s.
13
Let h be (-14)/(-4)*(23 + 11 - 10). What is the greatest common factor of h and 364?
28
Let p = -16 + 28. Let f = p + 9. Suppose 2*n = -10, 4*n + 447 = 2*c + 7*n. What is the greatest common divisor of c and f?
21
Let b(k) = 4*k - 8. Let q be b(8). Suppose 5*j = -w + j - 6, -4*j = 12. Suppose 0 = u - w*u + 240. Calculate the highest common divisor of q and u.
24
Suppose -215250 = -19*p - 23*p. What is the highest common divisor of p and 41?
41
Let d(k) = 2*k**3 - 13*k**2 - 13*k + 96. Let m be d(9). Calculate the greatest common factor of m and 108.
12
Let r(c) = 39*c + 10. Let y(x) = 41*x + 10. Let j(d) = -4*r(d) + 3*y(d). Let a be j(-2). Calculate the highest common factor of 448 and a.
56
Let a be ((3 - -12)/(-3))/(-1). Suppose 2*c = 5*s + 309 + 25, 4*s - a*c + 257 = 0. Let l = s + 183. What is the highest common factor of 46 and l?
23
Suppose 0 = -4*z + 3*z + 4*g - 334, -716 = 2*z + 4*g. Let c = -323 - z. Calculate the greatest common factor of c and 9.
9
Let n(j) = -10656*j - 2770. Let h be n(-3). Calculate the highest common factor of h and 26.
26
Suppose -30*m + 192 = -18*m. Let n = -28 + 28. Suppose n = -2*z + 4*z - 256. Calculate the greatest common factor of z and m.
16
Suppose 32*m + 108 = 38*m. Suppose 0 = -2*l - m + 638. What is the greatest common factor of l and 20?
10
Let f = -4 - -20. Let p be (-2)/15 + ((-306592)/(-165))/16. Let c = -92 + p. What is the greatest common factor of c and f?
8
Let l(c) = -5*c - 22. Let m be l(-2). Let n be (-39)/m - 3 - 540/(-16). Calculate the highest common divisor of n and 238.
34
Let q be (-8)/(-52) - (-492)/13. Let d = -53 - -58. Suppose -2*h + 74 = r, d*h = 4*r + 118 + 80. Calculate the greatest common factor of q and h.
38
Suppose 5*j - 40500 = 4*p, j + 140*p = 138*p + 8114. What is the greatest common divisor of j and 24?
8
Suppose -2*z + 96 = 4*z. Suppose -167*d = -175*d + z. Calculate the greatest common factor of 44 and d.
2
Suppose 3*x - 4*z - 7 = -0, 0 = 4*z - 20. Let n be 2/(-5) + (-1)/(20/(-2308)). Let d = n - 97. Calculate the highest common factor of d and x.
9
Let w be 3/1 + -4 + 3. Suppose -47 = -2*s + u, 0 = -u + w*u + 1. What is the highest common factor of 23 and s?
23
Suppose 4340*q - 524609 - 35251 = 0. Suppose 4*n - 6 = 2*n. Calculate the greatest common divisor of n and q.
3
Suppose -99*v = -97*v + 48. Let j be (2/(-4))/(v/432). Calculate the highest common divisor of j and 4.
1
Suppose -5 = 5*i + 5*a, -3*i + 7 = -6*i + a. Let x be (i - (-1520)/110) + 4/22. Calculate the greatest common divisor of x and 384.
12
Let i = -6140 - -8640. Calculate the highest common divisor of 75 and i.
25
Let g = -2196 + 2271. Suppose -3*d + 2*d = -89. Let w = -59 + d. Calculate the highest common divisor of g and w.
15
Let d = 2986 + -2188. What is the greatest common divisor of 147 and d?
21
Let q(d) = 2097*d + 2259. Let s be q(-1). Calculate the greatest common factor of s and 8082.
18
Let w(m) = 25*m**2 - 35*m + 429. Let o be w(9). Calc